 of 67667.
157, 431
What are the prime factors of 5757?
3, 19, 101
What are the prime factors of 23108?
2, 53, 109
List the prime factors of 849.
3, 283
List the prime factors of 56506.
2, 19, 1487
List the prime factors of 1431.
3, 53
List the prime factors of 1506.
2, 3, 251
What are the prime factors of 4294?
2, 19, 113
List the prime factors of 173791.
17, 10223
List the prime factors of 1280.
2, 5
List the prime factors of 12992.
2, 7, 29
What are the prime factors of 1490?
2, 5, 149
List the prime factors of 1075.
5, 43
List the prime factors of 3387.
3, 1129
What are the prime factors of 1721?
1721
List the prime factors of 62635.
5, 12527
List the prime factors of 39634.
2, 7, 19, 149
What are the prime factors of 4720?
2, 5, 59
List the prime factors of 3035.
5, 607
What are the prime factors of 38767?
38767
What are the prime factors of 2243?
2243
What are the prime factors of 121316?
2, 13, 2333
What are the prime factors of 2023?
7, 17
List the prime factors of 1508.
2, 13, 29
What are the prime factors of 6358?
2, 11, 17
List the prime factors of 3318.
2, 3, 7, 79
What are the prime factors of 2161?
2161
List the prime factors of 879.
3, 293
What are the prime factors of 73?
73
What are the prime factors of 6272?
2, 7
What are the prime factors of 45198?
2, 3, 31
List the prime factors of 2199.
3, 733
What are the prime factors of 958?
2, 479
What are the prime factors of 21801?
3, 13, 43
List the prime factors of 2842.
2, 7, 29
What are the prime factors of 20635?
5, 4127
List the prime factors of 10167.
3, 3389
List the prime factors of 890.
2, 5, 89
List the prime factors of 60430.
2, 5, 6043
What are the prime factors of 5360?
2, 5, 67
List the prime factors of 29473.
29473
What are the prime factors of 8781?
3, 2927
List the prime factors of 1079.
13, 83
List the prime factors of 475.
5, 19
What are the prime factors of 2984?
2, 373
What are the prime factors of 9547?
9547
List the prime factors of 545.
5, 109
List the prime factors of 15596.
2, 7, 557
List the prime factors of 1219.
23, 53
List the prime factors of 6474.
2, 3, 13, 83
What are the prime factors of 1747?
1747
List the prime factors of 19306.
2, 7, 197
List the prime factors of 84887.
11, 7717
What are the prime factors of 94777?
94777
List the prime factors of 1677.
3, 13, 43
What are the prime factors of 2166?
2, 3, 19
List the prime factors of 34419.
3, 7, 11, 149
What are the prime factors of 13337?
13337
List the prime factors of 44030.
2, 5, 7, 17, 37
What are the prime factors of 1427?
1427
List the prime factors of 12357.
3, 1373
What are the prime factors of 22725?
3, 5, 101
List the prime factors of 54314.
2, 13, 2089
List the prime factors of 126345.
3, 5, 8423
What are the prime factors of 10110?
2, 3, 5, 337
What are the prime factors of 8107?
11, 67
What are the prime factors of 35568?
2, 3, 13, 19
What are the prime factors of 9334?
2, 13, 359
What are the prime factors of 17211?
3, 5737
List the prime factors of 3692.
2, 13, 71
What are the prime factors of 28941?
3, 11, 877
List the prime factors of 393.
3, 131
List the prime factors of 9742.
2, 4871
List the prime factors of 22606.
2, 89, 127
What are the prime factors of 764?
2, 191
What are the prime factors of 6225?
3, 5, 83
List the prime factors of 47400.
2, 3, 5, 79
List the prime factors of 7810.
2, 5, 11, 71
What are the prime factors of 61359?
3, 113, 181
What are the prime factors of 1304?
2, 163
List the prime factors of 207.
3, 23
List the prime factors of 8764.
2, 7, 313
List the prime factors of 457.
457
List the prime factors of 6451.
6451
What are the prime factors of 18580?
2, 5, 929
What are the prime factors of 768?
2, 3
What are the prime factors of 43231?
17, 2543
What are the prime factors of 3683?
29, 127
What are the prime factors of 38783?
38783
List the prime factors of 20999.
11, 23, 83
What are the prime factors of 73751?
73751
List the prime factors of 106.
2, 53
List the prime factors of 2139.
3, 23, 31
List the prime factors of 4195.
5, 839
List the prime factors of 6840.
2, 3, 5, 19
What are the prime factors of 16537?
23, 719
What are the prime factors of 9840?
2, 3, 5, 41
What are the prime factors of 5362?
2, 7, 383
What are the prime factors of 110364?
2, 3, 17, 541
What are the prime factors of 9139?
13, 19, 37
What are the prime factors of 1963?
13, 151
What are the prime factors of 45?
3, 5
List the prime factors of 665.
5, 7, 19
List the prime factors of 1228.
2, 307
What are the prime factors of 3344?
2, 11, 19
List the prime factors of 1757.
7, 251
What are the prime factors of 28909?
28909
What are the prime factors of 10292?
2, 31, 83
List the prime factors of 130535.
5, 26107
List the prime factors of 15344.
2, 7, 137
List the prime factors of 4380.
2, 3, 5, 73
List the prime factors of 1417.
13, 109
What are the prime factors of 804?
2, 3, 67
List the prime factors of 21697.
13, 1669
List the prime factors of 18966.
2, 3, 29, 109
List the prime factors of 4277.
7, 13, 47
List the prime factors of 90.
2, 3, 5
List the prime factors of 2244.
2, 3, 11, 17
What are the prime factors of 6981?
3, 13, 179
List the prime factors of 2091.
3, 17, 41
List the prime factors of 52931.
41, 1291
List the prime factors of 578.
2, 17
What are the prime factors of 54360?
2, 3, 5, 151
List the prime factors of 5487.
3, 31, 59
List the prime factors of 15760.
2, 5, 197
What are the prime factors of 6407?
43, 149
What are the prime factors of 5316?
2, 3, 443
What are the prime factors of 11806?
2, 5903
What are the prime factors of 13570?
2, 5, 23, 59
What are the prime factors of 8303?
19, 23
What are the prime factors of 5001?
3, 1667
List the prime factors of 840.
2, 3, 5, 7
List the prime factors of 300.
2, 3, 5
List the prime factors of 127495.
5, 43, 593
What are the prime factors of 12040?
2, 5, 7, 43
List the prime factors of 11739.
3, 7, 13, 43
What are the prime factors of 2067?
3, 13, 53
List the prime factors of 35531.
35531
What are the prime factors of 2053?
2053
List the prime factors of 18981.
3, 19, 37
What are the prime factors of 836?
2, 11, 19
What are the prime factors of 5103?
3, 7
List the prime factors of 1185.
3, 5, 79
List the prime factors of 8229.
3, 13, 211
What are the prime factors of 2340?
2, 3, 5, 13
List the prime factors of 74575.
5, 19, 157
What are the prime factors of 285?
3, 5, 19
List the prime factors of 1923.
3, 641
What are the prime factors of 2147?
19, 113
What are the prime factors of 1124?
2, 281
What are the prime factors of 68171?
68171
List the prime factors of 5987.
5987
What are the prime factors of 77848?
2, 37, 263
What are the prime factors of 79270?
2, 5, 7927
List the prime factors of 1067.
11, 97
List the prime factors of 2108.
2, 17, 31
List the prime factors of 2632.
2, 7, 47
List the prime factors of 3045.
3, 5, 7, 29
List the prime factors of 4385.
5, 877
What are the prime factors of 3701?
3701
What are the prime factors of 741?
3, 13, 19
List the prime factors of 2447.
2447
What are the prime factors of 1453?
1453
What are the prime factors of 95099?
61, 1559
What are the prime factors of 607?
607
What are the prime factors of 962?
2, 13, 37
List the prime factors of 3034.
2, 37, 41
List the prime factors of 4935.
3, 5, 7, 47
What are the prime factors of 3304?
2, 7, 59
What are the prime factors of 18233?
18233
List the prime factors of 8236.
2, 29, 71
List the prime factors of 6992.
2, 19, 23
What are the prime factors of 31481?
31481
What are the prime factors of 105546?
2, 3, 7, 359
What are the prime factors of 724?
2, 181
What are the prime factors of 10715?
5, 2143
What are the prime factors of 46434?
2, 3, 71, 109
List the prime factors of 415.
5, 83
What are the prime factors of 684?
2, 3, 19
List the prime factors of 787.
787
What are the prime factors of 3987?
3, 443
List the prime factors of 25527.
3, 67, 127
List the prime factors of 160.
2, 5
What are the prime factors of 43788?
2, 3, 41, 89
What are the prime factors of 17292?
2, 3, 11, 131
What are the prime factors of 8903?
29, 307
What are the prime factors of 19596?
2, 3, 23, 71
List the prime factors of 16353.
3, 23, 79
List the prime factors of 43734.
2, 3, 37, 197
What are the prime factors of 115058?
2, 57529
List the prime fact